{"id":11,"date":"2019-07-20T15:57:03","date_gmt":"2019-07-20T18:57:03","guid":{"rendered":"http:\/\/www.villadagri.net\/por\/?page_id=11"},"modified":"2019-07-24T14:13:28","modified_gmt":"2019-07-24T17:13:28","slug":"empresa","status":"publish","type":"page","link":"https:\/\/www.villadagri.net\/por\/empresa\/","title":{"rendered":"Companhia"},"content":{"rendered":"\n<p>Somos uma empresa argentina l\u00edder na fabrica\u00e7\u00e3o de massas frescas desde 1981. <br>Gra\u00e7as ao esfor\u00e7o e \u00e0 busca permanente da excel\u00eancia contamos com uma planta modelo na Am\u00e9rica do Sul, com capacidade para elaborar 9000 Kg\/hora, produzindo uma ampla variedade de Massas Recheadas, Nhoques, Macarr\u00f5es e Discos de Massa de Empanadas e Pascoalinas com mat\u00e9rias-primas frescas e naturais submetidas a estritos controles de qualidade em nossos pr\u00f3prios laborat\u00f3rios. <\/p>\n\n\n\n<p>Todas nossas variedades de massas s\u00e3o elaboradas por uma equipe de especialistas utilizando a \u00faltima tecnologia europeia em sistemas de pasteuriza\u00e7\u00e3o e embalagem. <\/p>\n\n\n\n<p>Al\u00e9m de distribuir nossos produtos para todo o pa\u00eds, exportamos para Uruguai, Paraguai, Chile, Brasil, Col\u00f4mbia, EUA (New Jersey) e Inglaterra reunindo todos os requerimentos e padr\u00f5es de qualidade necess\u00e1rios para sua perfeita conserva\u00e7\u00e3o, comercializando nossa marca bem como pedidos especiais e marcas pr\u00f3prias para as principais empresas aliment\u00edcias e supermercadistas. <\/p>\n\n\n\n<p>A qualidade natural de nossos produtos junto com uma cuidadosa elabora\u00e7\u00e3o, permitiram que conquist\u00e1ssemos os mercados mais exigentes da Argentina e do mundo. <\/p>\n","protected":false},"excerpt":{"rendered":"<p>Somos uma empresa Argentina l\u00edder na fabrica\u00e7\u00e3o de massas frescas desde 1981. Gra\u00e7as ao esfor\u00e7o e \u00e0 busca constante pela excel\u00eancia temos uma planta modelo na Am\u00e9rica do Sul, com capacidade para produzir 9000 kg\/hora, produzindo uma ampla linha de massas cheias, Occhis, Noodles e tapas de empanadas e Pascualinas com mat\u00e9rias-primas frescos e naturais sujeitados aos controles de qualidade severos em nossos pr\u00f3prios laborat\u00f3rios.<\/p>\n","protected":false},"author":1,"featured_media":0,"parent":0,"menu_order":0,"comment_status":"closed","ping_status":"closed","template":"","meta":{"footnotes":""},"class_list":["post-11","page","type-page","status-publish","hentry"],"pure_taxonomies":[],"_links":{"self":[{"href":"https:\/\/www.villadagri.net\/por\/wp-json\/wp\/v2\/pages\/11","targetHints":{"allow":["GET"]}}],"collection":[{"href":"https:\/\/www.villadagri.net\/por\/wp-json\/wp\/v2\/pages"}],"about":[{"href":"https:\/\/www.villadagri.net\/por\/wp-json\/wp\/v2\/types\/page"}],"author":[{"embeddable":true,"href":"https:\/\/www.villadagri.net\/por\/wp-json\/wp\/v2\/users\/1"}],"replies":[{"embeddable":true,"href":"https:\/\/www.villadagri.net\/por\/wp-json\/wp\/v2\/comments?post=11"}],"version-history":[{"count":4,"href":"https:\/\/www.villadagri.net\/por\/wp-json\/wp\/v2\/pages\/11\/revisions"}],"predecessor-version":[{"id":101,"href":"https:\/\/www.villadagri.net\/por\/wp-json\/wp\/v2\/pages\/11\/revisions\/101"}],"wp:attachment":[{"href":"https:\/\/www.villadagri.net\/por\/wp-json\/wp\/v2\/media?parent=11"}],"curies":[{"name":"wp","href":"https:\/\/api.w.org\/{rel}","templated":true}]}}