{"id":45,"date":"2019-07-19T18:41:34","date_gmt":"2019-07-19T21:41:34","guid":{"rendered":"http:\/\/www.villadagri.net\/?post_type=productos&#038;p=41"},"modified":"2019-07-31T19:46:06","modified_gmt":"2019-07-31T22:46:06","slug":"gnocchi","status":"publish","type":"productos","link":"https:\/\/www.villadagri.net\/por\/productos\/gnocchi\/","title":{"rendered":"Gnocchi"},"content":{"rendered":"\n<h2 class=\"wp-block-heading\">Ingredientes<\/h2>\n\n\n\n<p>semolina, \u00e1gua, sal, \u00f3leo vegetal interesterificado (soja e algod\u00e3o), ovo em p\u00f3, emulsificante: lecitina de soja, conservadores: propionato de c\u00e1lcio e sorbato de pot\u00e1ssio, acidulante: acido c\u00edtrico. CONT\u00c9M: GL\u00daTEN. \u00c1LERGICOS: COMT\u00c9M OVOS E DERIVADOS DE TRIGO E SOJA. PODE CONTER LEITE. <\/p>\n\n\n\n<figure class=\"wp-block-image\"><img loading=\"lazy\" decoding=\"async\" width=\"495\" height=\"437\" src=\"http:\/\/www.villadagri.net\/por\/wp-content\/uploads\/sites\/3\/2019\/07\/image-2.jpeg\" alt=\"\" class=\"wp-image-107\" srcset=\"https:\/\/www.villadagri.net\/por\/wp-content\/uploads\/sites\/3\/2019\/07\/image-2.jpeg 495w, https:\/\/www.villadagri.net\/por\/wp-content\/uploads\/sites\/3\/2019\/07\/image-2-300x265.jpeg 300w\" sizes=\"auto, (max-width: 495px) 100vw, 495px\" \/><\/figure>\n\n\n\n<h2 class=\"wp-block-heading\">Conserva\u00e7\u00e3o<\/h2>\n\n\n\n<p>Manter refrigerado na temperatura de 4\u00b0C a 8\u00b0 C &#8211; No freezer a -18\u00b0C at\u00e9 12 meses . N\u00e3o congelar novamente ap\u00f3s descongelado. Ap\u00f3s aberto, o produto dever\u00e1 ser consumido em at\u00e9 24 horas. <\/p>\n\n\n\n<h2 class=\"wp-block-heading\">Presentaci\u00f3n <span style=\"color:#E21E33\">500 GRAMAS<\/span><\/h2>\n\n\n\n<p><\/p>\n","protected":false},"excerpt":{"rendered":"<p>Ingredientes semolina, \u00e1gua, sal, \u00f3leo vegetal interesterificado (soja e algod\u00e3o), ovo em p\u00f3, emulsificante: lecitina de soja, conservadores: propionato de c\u00e1lcio e sorbato de pot\u00e1ssio, acidulante: acido c\u00edtrico. CONT\u00c9M: GL\u00daTEN. \u00c1LERGICOS: COMT\u00c9M OVOS E DERIVADOS DE TRIGO E SOJA. PODE CONTER LEITE. Conserva\u00e7\u00e3o Manter refrigerado na temperatura de 4\u00b0C a 8\u00b0 C &#8211; No freezer [&hellip;]<\/p>\n","protected":false},"featured_media":157,"menu_order":0,"template":"","tags":[],"categoria":[4],"class_list":["post-45","productos","type-productos","status-publish","has-post-thumbnail","hentry","categoria-noquis"],"pure_taxonomies":{"categoria":[{"term_id":4,"name":"Nhoque","slug":"noquis","term_group":0,"term_taxonomy_id":4,"taxonomy":"categoria","description":"Lorem ipsum dolor sit amet, consectetur adipisicing elit, sed do eiusmod tempor incididunt ut labore et dolore magna aliqua. Ut enim ad minim veniam, quis nostrud exercitation","parent":0,"count":1,"filter":"raw"}]},"fimg_url":"https:\/\/www.villadagri.net\/por\/wp-content\/uploads\/sites\/3\/2019\/07\/product5.png","_links":{"self":[{"href":"https:\/\/www.villadagri.net\/por\/wp-json\/wp\/v2\/productos\/45","targetHints":{"allow":["GET"]}}],"collection":[{"href":"https:\/\/www.villadagri.net\/por\/wp-json\/wp\/v2\/productos"}],"about":[{"href":"https:\/\/www.villadagri.net\/por\/wp-json\/wp\/v2\/types\/productos"}],"wp:featuredmedia":[{"embeddable":true,"href":"https:\/\/www.villadagri.net\/por\/wp-json\/wp\/v2\/media\/157"}],"wp:attachment":[{"href":"https:\/\/www.villadagri.net\/por\/wp-json\/wp\/v2\/media?parent=45"}],"wp:term":[{"taxonomy":"post_tag","embeddable":true,"href":"https:\/\/www.villadagri.net\/por\/wp-json\/wp\/v2\/tags?post=45"},{"taxonomy":"categoria","embeddable":true,"href":"https:\/\/www.villadagri.net\/por\/wp-json\/wp\/v2\/categoria?post=45"}],"curies":[{"name":"wp","href":"https:\/\/api.w.org\/{rel}","templated":true}]}}

<h2 class="wp-block-heading">Ingredientes</h2>



<p>semolina, água, sal, óleo vegetal interesterificado (soja e algodão), ovo em pó, emulsificante: lecitina de soja, conservadores: propionato de cálcio e sorbato de potássio, acidulante: acido cítrico. CONTÉM: GLÚTEN. ÁLERGICOS: COMTÉM OVOS E DERIVADOS DE TRIGO E SOJA. PODE CONTER LEITE. </p>



<figure class="wp-block-image"><img loading="lazy" decoding="async" width="495" height="437" src="http://www.villadagri.net/por/wp-content/uploads/sites/3/2019/07/image-2.jpeg" alt="" class="wp-image-107" srcset="https://www.villadagri.net/por/wp-content/uploads/sites/3/2019/07/image-2.jpeg 495w, https://www.villadagri.net/por/wp-content/uploads/sites/3/2019/07/image-2-300x265.jpeg 300w" sizes="auto, (max-width: 495px) 100vw, 495px" /></figure>



<h2 class="wp-block-heading">Conservação</h2>



<p>Manter refrigerado na temperatura de 4°C a 8° C &#8211; No freezer a -18°C até 12 meses . Não congelar novamente após descongelado. Após aberto, o produto deverá ser consumido em até 24 horas. </p>



<h2 class="wp-block-heading">Presentación <span style="color:#E21E33">500 GRAMAS</span></h2>



<p></p>

<p>Ingredientes semolina, água, sal, óleo vegetal interesterificado (soja e algodão), ovo em pó, emulsificante: lecitina de soja, conservadores: propionato de cálcio e sorbato de potássio, acidulante: acido cítrico. CONTÉM: GLÚTEN. ÁLERGICOS: COMTÉM OVOS E DERIVADOS DE TRIGO E SOJA. PODE CONTER LEITE. Conservação Manter refrigerado na temperatura de 4°C a 8° C &#8211; No freezer [&hellip;]</p>
